201002
What is -22936b1 (base 13) in base 3?
-202001122010221
Convert -11420877 (base 9) to base 5.
-2411030241
Convert 41041a (base 11) to base 8.
2407626
Convert 5770a95 (base 11) to base 5.
10040321323
What is -1793089 (base 10) in base 12?
-725801
-2968310 (base 10) to base 7
-34141652
-4c7c1 (base 15) to base 16
-3bc14
What is 606256 (base 7) in base 3?
12020100021
What is -10122041 (base 6) in base 10?
-290761
-37053 (base 14) to base 3
-20211112120
What is 334411144 (base 5) in base 10?
1482049
11145621 (base 8) to base 5
1104131114
Convert 4cd201 (base 14) to base 9.
4875764
-14a7a41 (base 11) to base 12
-a40a37
What is 3303547 (base 9) in base 6?
102005241
What is 223332330301 (base 4) in base 10?
11530033
Convert -210323211223 (base 4) to base 16.
-93b96b
Convert 195d85 (base 16) to base 7.
20062322
What is 14b1933 (base 14) in base 5?
10041423321
Convert 49a393 (base 12) to base 8.
4447237
-102023130 (base 4) to base 6
-1332420
Convert 6b389 (base 15) to base 14.
8c739
Convert -11583 (base 10) to base 3.
-120220000
Convert 2200113 (base 7) to base 3.
111122221220
What is -15a473 (base 13) in base 15?
-a90e3
What is -126043 (base 8) in base 11?
-30121
1040c54 (base 13) to base 6
253540542
-58946 (base 11) to base 10
-84992
-121314122 (base 6) to base 3
-11100110000212
Convert 101001000100110110 (base 2) to base 9.
275710
What is 323102302300 (base 4) in base 10?
15543472
Convert -20819a3 (base 12) to base 8.
-27332113
125558 (base 11) to base 7
1452154
111020102011 (base 3) to base 2
111111100111001010
11131120 (base 4) to base 10
22360
-223131 (base 6) to base 3
-221212001
Convert 21558 (base 11) to base 10.
31281
-17f009 (base 16) to base 7
-16222460
103204001 (base 6) to base 8
7001741
-1633016 (base 7) to base 2
-110111010110110000
Convert 1356755 (base 8) to base 4.
1131313231
What is -1030322443 (base 5) in base 15?
-2d6618
What is -653731 (base 9) in base 13?
-1085cb
What is -30115601 (base 8) in base 2?
-11000001001101110000001
What is -1530d (base 15) in base 6?
-1243404
-30651 (base 11) to base 12
-21a55
Convert 33110414 (base 6) to base 14.
1ba5d0
Convert 1011011101100011 (base 2) to base 11.
322aa
What is -26636654 (base 8) in base 3?
-102020210102100
Convert -1262245 (base 8) to base 13.
-c4b51
22455425 (base 6) to base 16
a8f29
Convert 8234235 (base 9) to base 5.
2111024134
What is 201304 (base 13) in base 12?
2bb37a
What is -202001112202 (base 3) in base 8?
-1403043
What is -100101100100001 (base 2) in base 12?
-b169
Convert -8574 (base 11) to base 13.
-520b
Convert -32231002213 (base 4) to base 16.
-3ad0a7
300201213 (base 4) to base 7
1455321
24278 (base 9) to base 8
37617
Convert 100201121200111 (base 3) to base 2.
10011101101111111010101
3121123310 (base 4) to base 13
2524b8
103a3f (base 16) to base 8
4035077
Convert -150526 (base 8) to base 3.
-2201111211
-2662471 (base 8) to base 11
-4700a8
Convert 22140234 (base 8) to base 3.
22222020022220
Convert -1464400 (base 8) to base 16.
-66900
Convert 6161633 (base 7) to base 12.
2b6b48
625454 (base 8) to base 3
101112212010
What is 6463894 (base 10) in base 15?
87a364
What is 10270167 (base 8) in base 12?
898273
Convert 452054325 (base 6) to base 5.
4101001200
Convert -31202301 (base 4) to base 5.
-3233343
What is -a1914 (base 12) in base 4?
-303113200
-210878 (base 11) to base 3
-122011100222
133034302 (base 5) to base 3
1021021000002
1644032 (base 7) to base 15
47ee5
What is -a76c39 (base 13) in base 6?
-220105415
-88988 (base 12) to base 3
-100012102212
What is 44174373 (base 8) in base 9?
18780731
Convert 12574473 (base 8) to base 10.
2816315
Convert -24212431 (base 5) to base 13.
-7bb2c
What is 34330112 (base 7) in base 13?
810002
-4a181 (base 13) to base 9
-227203
What is 233579 (base 10) in base 8?
710153
Convert -155744 (base 8) to base 12.
-286b0
Convert 41140055 (base 6) to base 2.
100011111111100000011
Convert 8a769 (base 11) to base 13.
47a38
-137608 (base 15) to base 4
-3210210221
-130322012323 (base 4) to base 12
-2655537
1973440 (base 10) to base 2
111100001110011000000
What is 10526 (base 15) in base 3?
2122001000
Convert 2123450 (base 6) to base 2.
11001100000110110
33243323 (base 5) to base 7
2316555
What is -11201310 (base 4) in base 14?
-8376
What is -2331610 (base 9) in base 2?
-100110011110110001000
-100001000111111100010011 (base 2) to base 16
-847f13
-112120014 (base 5) to base 16
-7b240
782488 (base 11) to base 2
100110000100111101111
Convert -52524103 (base 8) to base 14.
-16b1c31
Convert 12022401 (base 5) to base 8.
330600
What is 1005624 (base 9) in base 11?
336444
What is 124b07 (base 12) in base 16?
48f37
What is 101440244 (base 5) in base 9?
711847
122201010211 (base 3) to base 5
42123230
-111010111011110 (base 2) to base 3
-1112101120
What is 19a4cb (base 15) in base 5?
304443331
What is -3010488 (base 9) in base 15?
-2196c8
What is 1030140020 (base 5) in base 11?
126880a
Convert -4702549 (base 10) to base 15.
-62d534
Convert 14367412 (base 8) to base 13.
8a7687
Convert b3c5b2 (base 14) to base 4.
113020303200
Convert -1cc217 (base 13) to base 12.
-2b880b
2110002022120 (base 3) to base 6
43514023
167165 (base 8) to base 3
10002201221
What is -11112010002 (base 3) in base 14?
-24629
Convert -13132000412 (base 5) to base 11.
-9210474
12100200210 (base 3) to base 4
121300023
What is -2222012220100 (base 3) in base 8?
-6013676
317b0 (base 14) to base 16
1d2de
Convert 1184843 (base 10) to base 3.
2020012022002
Convert 334913 (base 10) to base 3.
122000102012
What is -2013021133 (base 4) in base 11?
-3489a3
What is 263d50 (base 15) in base 10?
1835625
What is 12450868 (base 10) in base 12?
4205444
What is -1302400331 (base 5) in base 7?
-35635414
Convert 58fcea (base 16) to base 14.
abb494
Convert -110460 (base 8) to base 10.
-37168
-4a3a (base 11) to base 12
-3981
What is -8a96b (base 15) in base 7?
-3514232
2211000 (base 6) to base 9
177360
What is 1011101110110111011 (base 2) in base 8?
1356673
Convert 933969 (base 12) to base 15.
308ddc
Convert -1000210102111 (base 3) to base 16.
-858f4
Convert -728a8 (base 14) to base 6.
-5530152
471003 (base 9) to base 16
450e7
Convert -ccb3b (base 13) to base 6.
-11541341
Convert -2253553 (base 6) to base 13.
-40b7b
Convert 3685a (base 12) to base 6.
1325354
-200202022101122 (base 3) to base 11
-5697433
Convert -43c080 (base 15) to base 7.
-36311616
-ada43d (base 15) to base 9
-16530044
Convert -12001101111 (base 3) to base 14.
-2833d
What is 5217114 (base 8) in base 11?
865913
Convert 8c2854 (base 14) to base 4.
102030232122
What is -1000100120 (base 3) in base 16?
-4de5
Convert 4440051 (base 6) to base 10.
222943
What is ad0c5 (base 14) in base 7?
3366335
Convert -2012013414 (base 5) to base 14.
-767b78
-1330112011 (base 5) to base 11
-1997a5a
Convert -45530 (base 10) to base 11.
-31231
What is 112122000 (base 3) in base 12?
6209
What is -144633 (base 12) in base 4?
-1102322013
What is -204374 (base 10) in base 16?
-31e56
1253450 (base 6) to base 5
4211020
Convert -43b038 (base 12) to base 16.
-106d6c
18fab (base 16) to base 6
2105403
What is 336315 (base 8) in base 15?
23b14
What is -5264415 (base 7) in base 16?
-9bb95
Convert 110011000111101001 (base 2) to base 7.
1531311
-12300333040 (base 5) to base 3
-1000221201202211
What is 422411443 (base 5) in base 14?
33c8b3
What is -187af (base 16) in base 3?
-12002112202
-47a67 (base 13) to base 9
-220217
Convert -1cc4a6 (base 15) to base 12.
-57b093
-4738195 (base 10) to base 15
-638d9a
Convert 16136140 (base 8) to base 10.
3718240
What is -2130434 (base 6) in base 15?
-21247
Convert -21cc3bc (base 13) to base 9.
-21502722
-1251202 (base 6) to base 11
-47908
What is -2638710 (base 11) in base 5?
-2132033412
Convert -2905635 (base 10) to base 13.
-7a9715
Convert 43790c (base 14) to base 2.
1000101110011110101000
Convert 21211014 (base 5) to base 16.
2bac4
What is 11551312 (base 6) in base 8?
1327074
Convert 1044142203 (base 6) to base 9.
23401423
-357651 (base 8) to base 6
-2344253
Convert 136662 (base 14) to base 10.
670798
Convert -946068 (base 11) to base 8.
-5621063
Convert -2031121232 (base 4) to base 2.
-10001101011001101110
Convert 1a5b84 (base 12) to base 7.
3652051
2210222200011 (base 3) to base 4
11231021311
What is -102100132231 (base 4) in b